{"id":4865,"date":"2020-12-04T12:58:11","date_gmt":"2020-12-04T12:58:11","guid":{"rendered":"https:\/\/apaleoherramientas.com\/herramientas\/?post_type=product&#038;p=4865"},"modified":"2021-01-21T15:37:03","modified_gmt":"2021-01-21T15:37:03","slug":"polvo-ferromagnetico","status":"publish","type":"product","link":"https:\/\/apaleoherramientas.com\/herramientas\/product\/polvo-ferromagnetico\/","title":{"rendered":"Polvo Ferromagn\u00e9tico"},"content":{"rendered":"<p>Para detecci\u00f3n de fisuras por luz negra. Disoluci\u00f3n 1.5grs por litro de Kerosene. Pote de 40grs.<\/p>\n","protected":false},"excerpt":{"rendered":"<p>Para detecci\u00f3n de fisuras por luz negra. Disoluci\u00f3n 1.5grs por litro de Kerosene. Pote de 40grs.<\/p>\n","protected":false},"featured_media":5129,"template":"","meta":[],"product_brand":[],"product_cat":[102],"product_tag":[],"class_list":{"0":"post-4865","1":"product","2":"type-product","3":"status-publish","4":"has-post-thumbnail","6":"product_cat-varios","8":"first","9":"instock","10":"shipping-taxable","11":"product-type-simple"},"_links":{"self":[{"href":"https:\/\/apaleoherramientas.com\/herramientas\/wp-json\/wp\/v2\/product\/4865","targetHints":{"allow":["GET"]}}],"collection":[{"href":"https:\/\/apaleoherramientas.com\/herramientas\/wp-json\/wp\/v2\/product"}],"about":[{"href":"https:\/\/apaleoherramientas.com\/herramientas\/wp-json\/wp\/v2\/types\/product"}],"wp:featuredmedia":[{"embeddable":true,"href":"https:\/\/apaleoherramientas.com\/herramientas\/wp-json\/wp\/v2\/media\/5129"}],"wp:attachment":[{"href":"https:\/\/apaleoherramientas.com\/herramientas\/wp-json\/wp\/v2\/media?parent=4865"}],"wp:term":[{"taxonomy":"product_brand","embeddable":true,"href":"https:\/\/apaleoherramientas.com\/herramientas\/wp-json\/wp\/v2\/product_brand?post=4865"},{"taxonomy":"product_cat","embeddable":true,"href":"https:\/\/apaleoherramientas.com\/herramientas\/wp-json\/wp\/v2\/product_cat?post=4865"},{"taxonomy":"product_tag","embeddable":true,"href":"https:\/\/apaleoherramientas.com\/herramientas\/wp-json\/wp\/v2\/product_tag?post=4865"}],"curies":[{"name":"wp","href":"https:\/\/api.w.org\/{rel}","templated":true}]}}